*x**4/4 + 2*x**3/3 + 7*x**2/2 + 9*x. List the prime factors of j(v).
2, 53
Suppose -5*i = 3*r + 4, r = 5*i + 6 + 6. Suppose -n + 5 - 1 = 0, r*h = -5*n + 316. What are the prime factors of h?
2, 37
Suppose 71 = 6*z + 17. Suppose 3*p + 6 = 0, 4*p - p = -5*l + z. Suppose 4*v = f - 86, l*f + 194 = 5*f + 3*v. What are the prime factors of f?
2, 47
Let l(a) = -356*a + 6764. What are the prime factors of l(-40)?
2, 59, 89
Suppose -3*g - 18*k = -17*k - 6479, -4*g + 3*k = -8617. List the prime factors of g.
2, 13, 83
Let b be (1651/26)/(1/6). Let d = b - 226. List the prime factors of d.
5, 31
Suppose -4 = -5*j + 6, 5*s - 2*j - 166 = 0. Suppose 0 = -f + 33 + s. Let i = f + -33. List the prime factors of i.
2, 17
Let i = 381 + -380. Let g(q) = 495*q - 31. List the prime factors of g(i).
2, 29
Let i = 17807 - 8751. List the prime factors of i.
2, 283
Suppose z = 2*z - 2. Let t be 2*(7 - 4) - 3. Suppose -t*g = g + z*j - 226, -j + 3 = 0. What are the prime factors of g?
5, 11
Let k = -98905 - -139529. What are the prime factors of k?
2, 2539
Let u(g) = -234*g - 8. Let c(l) = 467*l + 17. Let o(b) = -4*c(b) - 7*u(b). List the prime factors of o(-3).
2, 3, 113
Suppose -m = 3*i - 0*m + 1, -m = -2*i + 1. Suppose -2*z + 4*u + 1212 = i, 2*z - 1207 = -2*u + 5*u. List the prime factors of z.
2, 149
Let b(i) be the third derivative of 4/15*i**5 - 1/120*i**6 - 42*i**2 + 1/3*i**4 + 0 - 8/3*i**3 + 0*i. List the prime factors of b(16).
2, 7
Let u = 211 + -201. List the prime factors of 10604/u - (-2)/(10/3).
1061
Let b(h) = 2*h**3 - 142*h**2 - 150*h - 244. What are the prime factors of b(74)?
2, 2689
Let u(r) = -442*r + 7414. List the prime factors of u(-8).
2, 3, 5, 73
Let d(o) = 41*o**2 + 9*o + 29. What are the prime factors of d(-3)?
7, 53
List the prime factors of 2/(-14) - (-16 - (-2441384)/(-154)).
7, 2267
Let a(p) be the second derivative of 7/12*p**4 - 36*p - 6*p**2 + 0 + 5/2*p**3. What are the prime factors of a(-6)?
2, 3, 5
Suppose -4*z - 5*m + 5785 = 0, -648 = 5*z + m - 7853. Let i = 2274 - z. List the prime factors of i.
2, 3, 139
Suppose -1762 = -5*m + 1953. Let g = m + -345. List the prime factors of g.
2, 199
Let i = -48098 + 76424. List the prime factors of i.
2, 3, 4721
Suppose z - 4514 = 3*m + 528, 2*z = 5*m + 10085. List the prime factors of z.
5, 1009
Suppose -653*r + 669*r - 324460 = 1061188. List the prime factors of r.
11, 7873
Let d(s) = -3*s + 19. Let r be d(5). Suppose -r*z - 5*w = -89, -8*w + 4*w = -20. Suppose 0 = 2*j - 80 - z. What are the prime factors of j?
2, 3
What are the prime factors of -2 + (19646 - 0) - 4*50/(-40)?
7, 401
List the prime factors of (-144053)/(-14) + (-18)/(-4).
2, 5147
Suppose 6*z - 22*z + 560 = 0. Let h(x) = -2*x + 145. What are the prime factors of h(z)?
3, 5
Suppose q + 7*f - 4*f = 196, 4*q - f = 836. Let m = q - 56. What are the prime factors of -18 + m - (3 + -1)?
2, 3, 11
Suppose -21*l - 59740 + 197521 = 0. List the prime factors of l.
3
Suppose p + 25 = 121. Let y = p + -92. What are the prime factors of y?
2
Suppose 0 = -4*c + 20 + 16. Let p(i) = -9 + c - 75*i. List the prime factors of p(-1).
3, 5
Let g be (1*10)/((-10)/(-8)*(2 - 0)). Let s be (-1)/4 - 9/(-4). Suppose 0*a = g*a - 16, 0 = d - s*a - 54. List the prime factors of d.
2, 31
Suppose 3*b = i, -2*i - 4*b + b = 0. Let u be (1 - i)/(15/60). Suppose 2*r = -5*h + 59 + 308, 0 = 2*h - u*r - 166. List the prime factors of h.
3, 5
Let a = -78440 - -155951. What are the prime factors of a?
3, 7, 3691
What are the prime factors of (1 + 0 - 4) + (10325 - 26)?
2, 3, 11, 13
Let p(r) = 865*r - 833. List the prime factors of p(29).
2, 3, 43, 47
Let g = 13167 + 400. What are the prime factors of g?
13567
Suppose 7*r = -11 + 18. List the prime factors of 379 - r*(-15)/5.
2, 191
Let r(k) = 24*k - 5. Let c(s) = -13*s + 3. Suppose 7*q - 3*q = -24. Let y(j) = q*r(j) - 13*c(j). List the prime factors of y(5).
2, 29
Let h be 18/22 + (-1)/((-66)/12). Let u be 5 + -4 + -2 - (0 + h). Let f(t) = -15*t + 5. What are the prime factors of f(u)?
5, 7
Let q = -43 - -47. Suppose -15 - 1 = -q*b, 0 = -5*c - 2*b + 28. Suppose -2*d + c*d = 162. List the prime factors of d.
3
Let a(p) = 945*p + 162. List the prime factors of a(5).
3, 181
Let a = 338 - 49. Suppose -9*c + 350 + a = 0. What are the prime factors of c?
71
Let h = 2619 + -1646. List the prime factors of h.
7, 139
Suppose -3*y - 120 = -2*u, -258 = -5*u - 3*y - 0*y. Suppose -a + u = -124. List the prime factors of a.
2, 89
Suppose 0 = 11*j - 600 - 511. Let h = 14 + j. Let q = h + -70. What are the prime factors of q?
3, 5
Let m = -120849 - -179970. What are the prime factors of m?
3, 6569
Suppose 10208 + 65979 = 37*a - 95271. List the prime factors of a.
2, 7, 331
Let f be (10*-1*1)/((-6)/3). Suppose -f*l + 527 = 3*r, 2*l - 3*l + 547 = 3*r. Let w = 21 + r. List the prime factors of w.
5, 41
Let s(n) = -4*n**2 + 3*n + 3. Let z be s(-1). What are the prime factors of -3*987/(-12) + (-1)/z?
13, 19
Suppose 182 = -7*b + 21*b. Let r(u) = 0*u**3 - b + 5*u**2 - 7*u + 5*u**2 - u**3 + 0*u**2. List the prime factors of r(7).
5, 17
Let y = -46 - -50. Suppose 2*c = -y*u + 156, -u - c + 41 = -0*u. List the prime factors of ((-35)/(-14))/(-2 + u/18).
3, 5
Let n(r) = r**3 - 100*r**2 - 124*r + 134. List the prime factors of n(104).
2, 101, 151
Let a be 4 + 1 - (-63)/21. Suppose 2*b + 1512 = a*b. What are the prime factors of b?
2, 3, 7
Let q be -3 - (-15 - (-3 + 1)). Let m be (-4)/q - 66/(-15). Suppose -4*r - 5*g + 73 = 0, m*r + g - 19 - 66 = 0. What are the prime factors of r?
2, 11
Suppose -f - u - u + 65 = 0, -u - 130 = -2*f. Let s = f + -58. Suppose 52 = -6*h + s*h. What are the prime factors of h?
2, 13
Suppose -255 = 4*o - 7*o. Suppose w + w + 40 = 0. Let c = w + o. What are the prime factors of c?
5, 13
Let b = -428 - -491. Suppose -65*u + 3064 = -b*u. What are the prime factors of u?
2, 383
Let y be 8/((-32)/(-28)) + 7. Suppose -21*h + 2905 = -y*h. What are the prime factors of h?
5, 83
What are the prime factors of ((-108)/8 - 1)/((-11)/20086) - -2?
26479
Suppose 0 = 3*f, 2*g - 3*f = 5*g - 6468. Suppose 13*d = 9*d + g. What are the prime factors of d?
7, 11
Suppose 4*p - 2257 - 2352 = -5*s, -2*s + 1835 = -7*p. What are the prime factors of s?
3, 307
Let b(m) = 3*m**3 - 36*m**2 - 38*m - 244. What are the prime factors of b(29)?
5, 7, 1187
Let d(h) = -9*h + 8. Let g be (-1)/((-5)/225) + -1. Let x = g + -49. List the prime factors of d(x).
53
Let q(m) = 195*m + 84. Let i be q(-4). What are the prime factors of ((-3084)/14)/(6 - i/(-112))?
2, 257
Let p(z) = -9*z + 2. Let c be p(0). Suppose -4*n + 3*k + 1117 = 2*k, -c*n + k = -561. List the prime factors of n.
2, 139
Let m = 27 + -54. Let n = 27 + m. Suppose 3*r = 5*v - n*r - 587, 357 = 3*v + 3*r. What are the prime factors of v?
2, 59
Let t(n) = -37*n**3 + 3*n**2 - 1. Let g be t(-1). Let j = g + -35. Suppose -j*a = 3*r - 64, 5*a - 1 = -26. What are the prime factors of r?
2, 7
List the prime factors of 0 + 4821 - (-22 + 16).
3, 1609
List the prime factors of 1 - -3 - (-12709 + -12).
5, 509
Suppose 5*c - 7*f = -4*f - 11, 4*c + 3*f + 25 = 0. Let n(a) = -355*a**2 - 2. Let r be n(-2). What are the prime factors of (c/(-12))/((-3)/r)?
2, 79
Suppose 30 = 9*r - 3*r. Suppose -r*t - v + 2264 = 0, v - 2*v = -3*t + 1352. Suppose 4*f = 2*m + t, f + 6*m = 2*m + 131. List the prime factors of f.
5, 23
Let l = -985 - -1004. Suppose -l*x + s + 6884 = -14*x, 3*x = s + 4130. List the prime factors of x.
3, 17
Let t = 187 - 131. Let i(f) = -2*f**2 - 5. Let n be i(-4). Let d = n + t. List the prime factors of d.
19
Let v(w) = 81*w + 7. Let c be v(7). Let t = c + -306. What are the prime factors of t?
2, 67
Let l(w) = 392*w**3 - 3*w**2 + 170*w - 647. What are the prime factors of l(4)?
25073
Let n(a) = a**2 - 11*a + 19. Suppose -3*t = 3*t - 54. Let i be n(t). What are the prime factors of (-996)/(-12) - -2*i?
5, 17
What are the prime factors of (7697 - (4 + 3 + -4))/2?
3847
Let o(y) = -2*y**3 - 3*y**2 - 7*y + 3. Let m be o(-7). Suppose 0 = 2*s + 5*w - m, 4*w - 5*w - 285 = -s. Suppose -3*q = -s - 78. What are the prime factors of q?
2, 61
Let f(q) = -72*q - 139. Let w = 180 - 195. What are the prime factors of f(w)?
941
Let q = -3843 - -5446. What are the prime factors of q?
7, 229
Suppose 4*a - 5*s - 165